= 4*p - 15, -3*a - 9 = -4*p + p. What is the units digit of a?
1
What is the units digit of (-2)/3*33/(-22)?
1
What is the units digit of ((-45)/(-6))/(4/((-480)/(-9)))?
0
Let h = -3 - -6. Suppose 2*l = h*l. What is the units digit of l + (0 - 3)*-1?
3
Let q(z) = -91*z + 1. What is the hundreds digit of q(-2)?
1
Let h be 1/((-2)/6) - -7. Suppose 17 + 87 = h*t. What is the units digit of t?
6
Let p(f) = f**2 - 2*f + 38. What is the units digit of p(0)?
8
Let g(p) be the first derivative of p**2/2 - 1. Suppose 5*y - 19 = -2*x - 2*x, -2*x - y = -11. What is the units digit of g(x)?
6
Let s be 21/27 + 2/9. Let k = s + 10. What is the tens digit of k?
1
Let y(m) = m**2 - 8*m - 4. Let h be y(9). Let j = 8 - h. Suppose -3*v = 4*b - 58, -v + j*v - 31 = 5*b. What is the units digit of v?
8
Let w(p) = -p**3 + 26*p**2 - 25*p + 23. What is the tens digit of w(25)?
2
Suppose 7 = 4*r - 3*n, 0 = -3*r - 2*r - 5*n. What is the units digit of 22 + (r + -1)*-1?
2
Let x = 51 + -50. What is the units digit of x?
1
Let x(j) = 9*j**2 + 4*j - 4. What is the units digit of x(4)?
6
Let v(d) = -d**3 + 4*d**2 - 3*d + 4. Let o be v(3). Let b be 3 + (-2)/o*-2. Suppose -3*z = 2*f - 16, -b*z = -4*f + 2*f - 12. What is the units digit of f?
2
Let r = 250 + -144. What is the hundreds digit of r?
1
Let j = -56 + 98. What is the tens digit of j?
4
Suppose 2*q = -3*q + 5. Suppose 3*z - q = 8. Suppose 11*l - 8*l = z. What is the units digit of l?
1
Let i(r) = 30*r + 5. What is the units digit of i(2)?
5
Let x(r) = r + 2. Let t be x(-5). Let n(y) = -2*y**3 - 3*y**2 + 5*y + 4. What is the tens digit of n(t)?
1
Let i(u) = 5*u**3 - 2*u**2 + 2*u - 2. What is the tens digit of i(2)?
3
Let z(k) = -k**2 - 14*k - 15. Suppose 0 = -0*p - 6*p - 36. What is the tens digit of z(p)?
3
Let b = 1 + 4. Suppose -3*g - 4*w + 44 = 0, -2*g + 3*w = -b - 13. Suppose -3*v = -2*y + 10, 5*y = -v + 2*v + g. What is the units digit of y?
2
Let c(k) = k - 4. Let w be c(6). Let f be (12/(-14))/(w/(-14)). Suppose -f = -h - 3. What is the units digit of h?
3
Let l(b) = b**2 + 7*b - 23. What is the units digit of l(9)?
1
Let g = 10 + -5. Suppose -4*u + 70 = g*m + 1, u = 5*m + 11. What is the units digit of u?
6
Let t(x) = x**2 + 8*x + 10. Suppose 2*i + 18 = 2. What is the units digit of t(i)?
0
Suppose 0 = -3*r - y + 73, 4*y + 0*y - 84 = -4*r. What is the units digit of r?
6
Suppose -5 = -4*c + v, 0*v + 2*v - 10 = -2*c. What is the units digit of c?
2
Let q(r) be the first derivative of -r**4/4 - 2*r**3/3 - 3*r**2/2 - r - 1. Let a(u) = 2*u - 14. Let d be a(6). What is the units digit of q(d)?
5
Let l = 3 - 0. Suppose -2*w + u = -4*w + 19, 2*w + l*u = 9. What is the tens digit of w?
1
Let k(w) = -w**2 - 3*w + 1. Let g be k(2). Let d(x) = -x**3 - 10*x**2 + x - 6. Let o be d(-10). Let b = g - o. What is the units digit of b?
7
Let z(k) = -k - 1. Let v be z(-7). Suppose -4*n = -2 - v. Suppose 5*q = 33 + n. What is the units digit of q?
7
Let b(u) = 4*u + 8. Let s be b(-7). Let v = s - -41. Suppose x + 2*x = v. What is the units digit of x?
7
Suppose -o + 22 = -44. What is the units digit of o?
6
Suppose 3*c - c = 14. What is the units digit of c?
7
Let j(q) = q**3 + q - 258. Let o be j(0). What is the units digit of o/(-54) - (-2)/9?
5
What is the units digit of (-30)/(-4)*(-6)/(-9)?
5
Let b(z) = -4 - 5 + 4 - 5 + 4*z. What is the units digit of b(6)?
4
Suppose 5*o - o = -8. Let s = o + 2. What is the units digit of 1 + 2 + 6 + s?
9
Let o = -2 + 4. Suppose o*c + 44 = 3*y - 2*c, 37 = 2*y + 5*c. What is the tens digit of y?
1
Let g = -77 + 40. What is the units digit of 1 + (2/2 - g)?
9
Let w be (-1)/2 - 3/6. Let y = w + 15. What is the units digit of y?
4
Let s(p) = -p**2 + 7*p + 2. Let q be s(7). Suppose 0 = 4*k + q - 6. What is the units digit of k?
1
Suppose -26 = 3*f - 8. Let t(j) = -j**3 - 5*j**2 + 2*j. What is the units digit of t(f)?
4
Suppose -6*c = -0*c - 528. What is the tens digit of c?
8
Let z = 1 - -1. Suppose 2*c = -z + 6. What is the units digit of c?
2
Let q(t) = t**3 + 9*t**2 + t + 11. Let m be q(-9). Suppose -n + m*n = 8. What is the units digit of n?
8
Suppose -115 = 3*i + 2*i. Let m = -22 - i. What is the units digit of m?
1
Let p(c) = c - 1. Let a be p(2). Let n(x) = 13*x**3 - 2*x**2 + 1. What is the tens digit of n(a)?
1
Let k(y) = -24 + y**2 + 6*y + 20 - y. What is the units digit of k(-7)?
0
Let c(f) = 2*f**2 + f - 1. Let x be c(1). Let t(k) = 7*k**3 - 3*k. What is the tens digit of t(x)?
5
Let a(b) = 2*b**3 + 6*b**2 - b - 2. What is the tens digit of a(4)?
1
Let p(a) = -a + 3. Let n be p(0). Suppose -5 = 5*u, m + n*u = -2*m + 3. What is the units digit of m/6 - (-40)/6?
7
Let t = 2 - 0. Suppose t = 3*h + f, 1 + 6 = -2*h + f. What is the tens digit of 2 + (-20)/(-2) - h?
1
Suppose -m = 2*u - 9, 0*u + 2*u - 12 = -2*m. Let l = m - -2. What is the units digit of l?
5
Suppose -7 + 3 = -f. Suppose j + 18 = f*j. What is the units digit of j?
6
What is the units digit of 9/18 - (-62)/4?
6
Let m(o) = -o**2 - 11*o + 7. Let w(k) = -k. Let r be w(0). Let d = r + -11. What is the units digit of m(d)?
7
Let l(x) = 6*x**2 - x + 1. Let z be l(1). Let a = 11 - z. Suppose -13 + 48 = a*o. What is the units digit of o?
7
Let n = 12 - -4. What is the tens digit of n?
1
What is the units digit of (20 - 0/(-2)) + 8 + -10?
8
Let u = 6 - 9. Let t = 6 + u. Suppose t*a - 22 = a. What is the tens digit of a?
1
Let v be (-7 + 3)/((-4)/3). Let z = 6 - v. What is the units digit of z?
3
Let w(g) = -g + 7. Let x be w(3). Suppose -3*u - 2 = x*f, u = 4*f - 2*u - 10. What is the units digit of f?
1
Suppose 7*u = 2*u + 3*g + 1271, 2*u = 5*g + 516. What is the hundreds digit of u?
2
Let h(u) = u**3 + 2*u**2 - 3*u. Let t be h(-3). Let j(i) = -5*i + 6 + t*i - i - i**2 + i. What is the units digit of j(-5)?
6
Let h(b) = b**2 + 15*b + 32. What is the tens digit of h(-24)?
4
Let s(r) = -5*r**3 - 2*r**2 + 2*r + 7. What is the hundreds digit of s(-3)?
1
Let k = 4 - 9. Let g(a) be the first derivative of -a**3/3 - 5*a**2/2 + 7*a + 2. What is the units digit of g(k)?
7
What is the units digit of 40 - 2 - (-2 - -4)?
6
Let v = -4 - -6. Let n be 1/(-1)*v + 2. What is the units digit of (n + -1)/((-2)/6)?
3
Let t = -112 + 160. What is the units digit of t?
8
Let t be 55/4*8/2. Let x be (-2)/(-6) - t/(-15). Suppose -6*i - 4*d = -i - 22, 0 = -x*i + 5*d - 7. What is the units digit of i?
2
Let v(i) = i**3 - 7*i**2 + 8*i - 8. Let o be v(6). Let c(d) = 2*d**2 - 7 + 11 - o. What is the units digit of c(1)?
2
Suppose 2*k = u - 0*u + 77, 4*u = -3*k + 99. Let r = k - 21. What is the units digit of r?
6
Suppose -4*f - 12 = o, -4*f = -5*f - 4. Suppose 12 = o*z, 6*z - 24 = -r + 2*z. Let y = r - 5. What is the units digit of y?
7
Let b(h) = h**3 + 5*h**2 + 4. Let x be b(-5). Let q = x - 2. What is the units digit of q?
2
Suppose -3*c - 4*t + 20 = 0, c + 0*t = 3*t - 2. What is the units digit of (24/c)/(2/3)?
9
What is the units digit of 18 - (-2 + (-2 - -5))?
7
Let q = 11 + -16. Let j = 18 - q. What is the tens digit of j?
2
Suppose -3*a = -x - 6, 7*a - 2*a + 4 = -3*x. Let g be (x + 0 + 2)*-4. Let p = g - -8. What is the units digit of p?
2
Suppose 0 = -3*c + 15 - 3. Suppose -s + 3 = 0, -c*z + z - 2*s + 21 = 0. Suppose 35 = z*o - 5. What is the units digit of o?
8
Let d = -27 - -40. Suppose 0 = 3*s - 2*s - d. What is the tens digit of s?
1
Suppose -t + 70 = t. What is the tens digit of t?
3
Suppose -9*g + 483 = -2*g. What is the units digit of g?
9
Let g(a) = a**2 + 10*a + 9. Let l be ((-9)/(-4))/((-2)/8). Let b be g(l). Suppose -5*v + 0*v + 15 = b. What is the units digit of v?
3
Let y(q) = q**2 - 26*q**3 - 11*q**3 - 14*q**3. What is the tens digit of y(-1)?
5
Suppose z + 3 = 0, 210 = 5*u - z - 33. Let w(f) = -f**3 + 4*f**2 - 4. Let l be w(3). Suppose u - 3 = l*j. What is the units digit of j?
9
Let p be (-131)/7 - 8/28. Let q = 32 + p. What is the tens digit of q?
1
Let x = -6 + 57. Suppose -n + 4*r = -23, 2*n = 3*n + 3*r - x. What is the tens digit of n?
3
Suppose -c + 2*c - 41 = 0. What is the units digit of c?
1
Suppose -4*w + 9*w = 10. Suppose 2*x + w - 16 = 0. What is the units digit of x?
7
Let s = 11 - 10. Suppose n - 20 = -s. What is the tens digit of n?
1
Suppose 3*m = 8*m. Let c(d) = 6*d**3 - 21*d**2 - 2*d - 4. Let l be c(4). Suppose m = -p